-4))/((-4)/16). Suppose z + p = 4*r, 2*r - 3*z = 1 - 4. Let x(w) be the third derivative of -w**4/24 + w**3/3 - 14*w**2. Calculate x(r).
-1
Let k = -106 + 107. Let m be (12/4 + -3)/k. Let d(s) = s**3 - s**2 + 7. Give d(m).
7
Let u(o) = -o**3 - 5*o**2 - o + 7. Let i = -226 - -222. Determine u(i).
-5
Let u(k) = 9*k**3 - 23*k**2 - 14*k + 3. Let v(o) = 5*o**3 - 12*o**2 - 7*o + 2. Let x(n) = 6*u(n) - 11*v(n). Let a be (2 + -4)*(3 + -1). Give x(a).
-8
Let v(m) = -m**2 + 5*m + 5. Let b be v(5). Let y(k) = -4 + k**2 + b*k - 2 - 4 + 3. Suppose -18 + 6 = 2*q. Calculate y(q).
-1
Suppose -3*g = f + 3 - 2, -5*f + 4*g = 5. Let z(c) = c - 5*c**2 - 3*c**2 + c**2. What is z(f)?
-8
Let w(l) be the third derivative of 0 + 1/24*l**4 + 33*l**2 + 0*l + 8/3*l**3. Give w(-11).
5
Let p = 26 - 19. Let y(w) = p*w + 2 - 2*w + w**2 - 4*w + 0. What is y(0)?
2
Let o(z) = -10 + 16 - 2 + z - 4 - 5. Determine o(-6).
-11
Let r be 0 + (-14)/3*3/2. Let c(y) = -2*y - 11. Give c(r).
3
Let b(p) be the third derivative of 1/24*p**4 + 0 + 2*p**2 - 19*p - 1/3*p**3. Determine b(3).
1
Let a(m) = -m**3 - 4*m**2 + m + 1. Let d(q) = -q**2 - 16*q - 32. Suppose 0 = -3*u - z - 47, -3 = 4*u + z + 58. Let o be d(u). What is a(o)?
-3
Let o(k) = -k**3 - 7*k**2 + 19*k + 9. Let t be o(-9). Suppose 24*z - 23*z = t. Let c(q) = -4*q - 5 + 5*q - 6. Determine c(z).
-11
Suppose 50*n + 8*n = 232. Let g(m) = 2*m**3 - 6*m**2 + 3*m + 4. Determine g(n).
48
Let v(m) = -m**3 + 2*m**3 + 52*m**2 + 31*m**2 + 3*m - 86*m**2. Give v(3).
9
Let r(x) = x**2 - 16*x + 33. Let w be r(14). Suppose 30 = 5*j - 2*s, -w*j + 2*s = -2*j - 18. Let c(b) = -b**2 + 7*b - 4. Determine c(j).
2
Let j(g) = -g**2 - 2*g - 2. Let t(r) = 8 + r**2 + r - 5 + 2*r. Let u(o) = 6*j(o) + 5*t(o). Give u(3).
3
Let h(o) = -21*o**2. Suppose -21*f + 7*f = 14. Determine h(f).
-21
Let s(w) be the second derivative of -w**5/20 - 11*w**4/12 - 5*w**3/3 + 15*w**2/2 - 7*w - 1. Calculate s(-10).
15
Let j(y) be the first derivative of y**2/2 - 10*y - 3. Give j(5).
-5
Let q = -846 - -849. Let s(f) = -3*f + 2*f**2 + 6 - 6. Give s(q).
9
Let s be 3 - (1 - -2 - 4). Let o(c) = -c + 1. Determine o(s).
-3
Suppose 2*y = -4*j - 24, -j = -y + 4*j + 9. Let n(u) = -4*u**2 - u + 2. Let b(o) = -5*o**2 - 2*o + 3. Let r(m) = y*n(m) + 5*b(m). Give r(-6).
-9
Let g(n) = n**3 + 7*n**2 + 7*n - 4. Let f be -2*((-260)/8)/(-5). Let w = f - -17. Suppose -w = -5*d - 34. Give g(d).
-10
Let h(o) = -4*o + 10. Let v(x) = 3*x + 17. Let q be v(-8). Let p be h(q). Suppose -p*d = -33*d + 15. Let k(i) = 2*i**2 + i - 4. Calculate k(d).
11
Let t(c) = -3*c - 4. Suppose 6 + 54 = -4*g. Let w = g - -23. Suppose 6*z = w*z + 6. Calculate t(z).
5
Let d be (2 - -2)*10/8. Let p(x) = -x**2 + 5*x + 4. What is p(d)?
4
Let y(i) = -2*i + 4. Let f be 3 - (8 + -8)/((-2)/(-1)). Let m be (4/f)/((-6)/(-162)*6). What is y(m)?
-8
Let p = -15 - -25. Let z(s) = s**3 + 3*s - 4*s + p + s**2 - 7. What is z(-3)?
-12
Let j(y) = -4*y - 4. Let g = 2332 + -2344. Give j(g).
44
Let k(v) = -16*v - 9*v - 8*v - 9*v - 10 + 43*v. Give k(7).
-3
Let h(k) be the second derivative of -k**4/12 - 3*k**3/2 - k**2 + 37*k. Calculate h(-7).
12
Let b(t) = t - 2. Suppose 0 = n - 3*n + 4*v - 12, n + 6 = -4*v. Determine b(n).
-8
Let b(r) = r**3 - 5*r**2 + r + 5. Suppose 8*u + 48 = 8. Let s be (-2)/u - (-172)/20. Suppose 5*n + m = 2*m + 25, -m = -n + s. Determine b(n).
-7
Let d(t) = -t**3 - t - 1. Let k(c) = 5*c**3 + 11*c**2 + 13*c - 4. Let r(j) = -4*d(j) - k(j). Let p = -15 - -5. Calculate r(p).
-2
Let z(x) = 7*x**3 + 16*x**2 - 4*x + 14. Let b(d) = d**3 + d**2 - 2*d + 2. Let p(s) = -6*b(s) + z(s). Give p(-9).
11
Let q(j) = j**3 - 7*j**2 - 9*j + 8. Let l be (10/(-4))/((-100)/40). Let d be 12 - (l + 3)/1. Calculate q(d).
0
Let g = 1 - -1. Let p(n) = g*n**3 + 3 + 4*n**2 - n**3 + 0 + 2*n. Suppose -7 = 50*l + 143. What is p(l)?
6
Let y(j) = -j + 18. Let i(h) = h**3 + 9*h**2 + 7*h + 3. Let t be i(-8). Give y(t).
7
Let x = 4 + -2. Let m(f) = -3*f**3 - 6*f**2 + 4*f**3 + 7 - 2*f**3 + x*f**3. Determine m(6).
7
Let s(z) = 13*z**3 - 17*z**2 + 17*z - 9. Let g(j) = 11*j**3 - 16*j**2 + 16*j - 8. Let k(x) = -6*g(x) + 5*s(x). Determine k(10).
-7
Let i = -613 - -619. Let g(w) = -w**3 + w**2 + w - 17. Let b be g(0). Let y(u) = -3*u - 5. Let z(h) = -9*h - 14. Let p(c) = b*y(c) + i*z(c). What is p(2)?
-5
Let m(v) = v**3 - 6*v**2 + 5*v - 4. Let i = -728 - -733. Give m(i).
-4
Suppose 32*g = 27*g. Let a be 3*(2 - (3 + -2)). Let x(y) = -y**3 + 3 + y**2 - a*y + 3*y + 1. What is x(g)?
4
Let n(z) = z + 5. Let s be (-1*3)/(-1 - 2). Let g be (s/1)/(5/20). Suppose t = g*t - 15. Determine n(t).
10
Suppose 10*n = 26*n + 112. Let v(h) = 5*h - 3. What is v(n)?
-38
Let x(m) be the third derivative of -m**5/15 - 7*m**4/24 + m**3/3 + 259*m**2. What is x(-5)?
-63
Let o(j) = 2*j + 2. Let q(t) = -t + 1. Let g(f) = -2*o(f) - 2*q(f). Suppose m = -5*p - 22, -p + m + 4*m = -6. Give g(p).
2
Let w(n) = -n**2 + n - 2. Suppose a - 2*a + 3 = 0. Suppose 48 = -0*m + a*m. Suppose -t - m = -5*t - 4*s, -4*s + 8 = 0. Calculate w(t).
-4
Let g(u) be the third derivative of -u**6/120 + 2*u**5/15 - 11*u**3/6 + 2*u**2 + 23. Give g(8).
-11
Let i(o) = 4*o + 5*o**3 - 7*o**2 + 7 - 4*o**3 + 2*o. What is i(6)?
7
Let a = -402 - -398. Let w(u) = u + 8. Calculate w(a).
4
Suppose -5*d = d + 2*d. Let p(m) be the first derivative of 4*m**3/3 + 2*m**2 + 12*m - 2. Let x(q) = -3*q**2 - 3*q - 8. Let i(b) = -5*p(b) - 7*x(b). Give i(d).
-4
Let r be 1/(-2*2/16). Let a be (-22)/(-4) + 6/r. Let s(h) = 2*h**2 - 4*h + 4. Calculate s(a).
20
Let z(n) be the first derivative of -30 + 9/2*n**2 - n + 1/3*n**3. What is z(-9)?
-1
Suppose 5*s = 9*g - 16, 3*g - 28 = 2*s - 6*s. Let m(y) = y**2 - 7*y + 13. Determine m(g).
1
Let a(o) = 3*o - 1. Let d be ((-1)/(25/(-10)))/((-2)/(-10)). Suppose -d*s = -2*y - 2, 12 = 2*y + 4. Calculate a(s).
14
Let t(l) = 7*l + 2. Suppose -5*w = 5*s + 5, -2*w - 8 + 6 = -4*s. Give t(w).
-5
Let p(d) = -d**2 - d - 1. Let f be (-16)/(-12)*(-2 - (-1)/2). Let m(v) = 6*v**2 + 4*v + 4. Let u(n) = f*m(n) - 11*p(n). Calculate u(3).
3
Let p(v) = v + 0 + 0 + 7*v**2. Let j = -77 - -115. Suppose j = 2*f + 40. Give p(f).
6
Let o be -10*(0 - 2/4). Suppose -12 = -o*g + x + 10, 0 = 2*g - x - 10. Let k(l) = -l**3 + 5*l**2 - 6*l + 4. Calculate k(g).
-4
Suppose 10 = -5*v - 10. Let i(w) = w + 4. Let z(o) = 4*o + 15. Let k(n) = 22*n. Let s be k(-1). Let x(m) = s*i(m) + 6*z(m). What is x(v)?
-6
Let h(r) = r**3 + 4*r**2 - 2*r - 3. Suppose 0*g + 4*g = -560. Let j be g/36 + (-3)/27. Determine h(j).
5
Let a(k) = -7*k + 3. Suppose -6 = 2*v - 2*o, -27 = -v - 6*o + o. Determine a(v).
-11
Let z(r) = -4 - r**3 + 5*r + 530*r**2 + 529*r**2 - 1063*r**2. Calculate z(-5).
-4
Let f(x) = 45 + 28 - 61 + 5*x - 2*x**2. Calculate f(5).
-13
Let a(i) = -14*i**2 - 8*i - 2. Let b(v) = 11*v**2 + 7*v + 2. Let j(g) = -4*a(g) - 5*b(g). Give j(-1).
2
Let s(r) = r**3 + 137*r + 1 - 72*r + 3*r**2 - 66*r. Let x(y) = -y**3 + 4*y**2 + 6*y - 7. Let f be x(5). Let z be 6/(-4)*(0 - f). Determine s(z).
4
Let w = -44 - -46. Let s(v) = -31*v**2 + 3. Let n(d) = -15*d**2 + 1. Let q(k) = w*s(k) - 5*n(k). Calculate q(-1).
14
Let i = 11 + -18. Let z(l) be the second derivative of l**5/20 + 2*l**4/3 + 7*l**3/6 - 3*l**2/2 + 34*l. Give z(i).
-3
Let r(o) = -o**3 - 8*o**2 - 6*o - 6. Let g = 69 + -76. What is r(g)?
-13
Let p(k) be the first derivative of k**3/3 + 9*k**2/2 - 5. Calculate p(-10).
10
Let l(k) = -k**3 - 3*k**2 - k + 2. Suppose 4*u + 5*s = -184, 6*s + 230 = -5*u + s. Let v = u - -43. Determine l(v).
5
Suppose 21*q + 11 = 74. Let o(z) = -9*z + 16. What is o(q)?
-11
Suppose -13 = 31*w + 49. Let k(x) = 3*x**2 + x - 1. Determine k(w).
9
Let s(h) be the third derivative of -h**6/120 + h**5/12 + h**3 + 12*h**2 + 2. Determine s(5).
6
Let f = 73 + -67. Suppose -4*g - 2 = f*a - a, -a + g = -5. Let v(d) = d**2 + d. Let s(c) = c**3 + 5*c**2 + 4*c + 3. Let b(p) = s(p) - 6*v(p). Give b(a).
3
Let u(i) = i + 6. Let p(g) = -g**3 + 9*g**2 - 5. Let k be p(9). Let m be u(k). Let h(b) = 4*b**3 - 2*b + 1. Determine h(m).
3
Suppose -4*m + 15 = -m. Suppose 0 = f + m*f + 24. Let j(l) = -l + 4. Determine j(f).
8
Let c(p) = 4*p. Suppose 8*b - 18 = -10. What is c(b)?
4
Suppose -5*x - 2*f - 109 = 0, -4*f = -5*x - f - 99. Let i = -17 - x. Let z(w) = -4*w - i*w**3 + 5*w - 1 - 2*w. Give z(-1).
4
Let s(d